ivative of k**3/2 - k**2/2 + 6070*k. What is z(-8)?
-25
Let n be (7 + -15 - 7) + 8. Let u(a) = -a + 1 - 4*a + 4*a. Give u(n).
8
Let f(z) = 5*z**2. Let g = 439 - 284. Suppose 4*k - g = -k. Let q = 29 - k. Determine f(q).
20
Suppose 113*o - 20 = 110*o - 4*p, -2*o + 4*p = 0. Let k(w) = w - 13. Calculate k(o).
-9
Let h(r) be the first derivative of -r**3/3 - r**2/2 + 35. Let u(a) = -a**3 + a**2 - 3*a + 3. Let m(k) = -4*h(k) + u(k). Determine m(4).
23
Let u be ((-11)/22)/(2/8). Let d be (7/u + 4)*14. Let q(p) = p**2 - 6*p - 2. What is q(d)?
5
Suppose 54 = 2*f - 78. Let x(c) = -69 - f - 2*c + 138. Calculate x(-4).
11
Let j(z) = 7 + 2 + 10 - 10*z + 18 - 102. Calculate j(-6).
-5
Let k(i) = 3*i**3 + 62909*i - 2*i**2 + 0*i**3 + 1 - 62910*i. Give k(-1).
-3
Suppose -4*k = 2*a - 8, -a - 2*k + 1 = 3*k. Suppose -y = s + a, -15 + 3 = 4*y. Let h be (s/(-3))/(-6 + 7). Let n(t) = 17*t**2 - t. Determine n(h).
16
Let w(q) = q**3 - 13*q**2 + 42*q + 12. Let b be w(7). Let x(c) = 2*c**2 - 26*c + 20. Give x(b).
-4
Let f(x) = -2*x + 4. Let r(z) = -14*z**2 + 103*z - 114. Let k be r(6). Calculate f(k).
4
Let f be (-40 - -43) + (0 - 2). Let a(j) = 22*j - 11. Calculate a(f).
11
Let m(o) be the first derivative of 5*o**2 - o - 250. Suppose 0*f + 4*f = 0. Suppose -5*r + j + 1 = -1, 5*j - 15 = f. Calculate m(r).
9
Let f = 555 - 550. Suppose 15 = -f*j, -14*i + 17*i + 51 = -2*j. Let o(p) = -p**2 - 15*p - 11. What is o(i)?
-11
Let p(n) be the third derivative of -n**5/60 - 3*n**3 + 53*n**2. Let t(y) = y**3 - 26*y**2 + 49*y - 24. Let r be t(24). Calculate p(r).
-18
Let h = 19 - 17. Suppose 0 = 8*o - o - 14. Let s(x) = -2*x**3 - 4*x**3 + o*x**2 - h + 5*x**3 + 4*x. Determine s(3).
1
Let v(t) = t**3 + 4*t**2 + 2*t - 3. Suppose 2*w + 8 = -5*x + 34, 5*w + 5*x - 35 = 0. Determine v(w).
66
Suppose -2*d + y = 12, d = -458*y + 457*y - 12. Let a(n) = n**2 + 8*n - 2. Give a(d).
-2
Let b(x) = -20*x**3 - 9*x**2 + 4*x - 5. Let f(w) = -33*w**3 - 17*w**2 + 9*w - 9. Let r(h) = 5*b(h) - 3*f(h). Calculate r(5).
-8
Let t(w) = w**3 - 8*w**2 - 17*w - 28. Suppose 6*d + 74 = 193 - 59. Calculate t(d).
2
Let k(p) = 5*p**3 - p**2 - 6*p - 5. Suppose 2*v + 39 - 17 = 4*z, -3*v = -3*z + 18. Give k(v).
-5
Suppose 3*p - 18 = -0*p. Suppose p*n + 220 = -5*n. Let h be n/(-50) + (0 - (-76)/10). Let d(x) = x - 6. Calculate d(h).
2
Let v(l) be the first derivative of -l**5/60 - 7*l**4/24 - 25*l**3 - 39. Let u(w) be the third derivative of v(w). What is u(10)?
-27
Let d(h) be the second derivative of -2*h**3/3 + 5*h**2 + 68*h. Let o be d(0). Let l(b) = 3*b - 11. Give l(o).
19
Let b(t) be the first derivative of t + 1/2*t**2 + 6*t**4 + 1/3*t**3 + 26. Calculate b(-1).
-23
Suppose -2*p = 16 - 24. Suppose -p*b + 4 + 16 = 0. Let m(n) = 3*n**2 - 7*n**2 + b*n**2. Give m(1).
1
Let j(g) = -11*g**3 - 19*g**2 + 22*g + 4. Let i(v) = -20*v**3 - 37*v**2 + 44*v + 9. Let l(f) = 6*i(f) - 11*j(f). Calculate l(11).
10
Let o(j) = -j**3 - 9*j**2 - 2*j - 12. Suppose 0 = -21*i - 1700 + 1490. Suppose 0 = 3*y + 4*l + 27, 0 = l - 2*l. Let g be 5/(i/(-2))*y. Give o(g).
6
Let g(k) = 2*k**3 + 27*k**2 + 53*k - 20. Let t be g(-11). Suppose -l = -3*v - 9, 0 = 6*l - 4*l - t*v - 10. Let c(w) = w**3 - w**2 + 2*w - 1. Determine c(l).
23
Let j(k) = 32*k**2 + 225*k + 11. Let i be j(-7). Let b(c) = -4*c + 25. Let a(p) = -8*p + 49. Let s(q) = 6*a(q) - 11*b(q). Determine s(i).
3
Let n(m) = -m**3 - 3*m**2 - m + 4. Let a(x) = x**2 - 4*x - 1. Let y be a(4). Let r be (0 - -27) + 4/y. Suppose -29*f + r*f = 18. What is n(f)?
7
Suppose 5 = 5*p - l, 287 = -41*p - 2*l + 379. Let v(g) = 2*g + 4. Let s(w) = -w - 4. Let a(b) = 3*s(b) + 2*v(b). Determine a(p).
-2
Suppose 0 = 2*j + 4, 2*s + 5*j = -3*s + 2245. Suppose -4*o = 4*m + m + s, 3*o = -12. Let t = 83 + m. Let h(u) = -u**2 - 4*u + 2. Calculate h(t).
2
Let o = -17190 + 17187. Let f(r) = -r**2 - 5*r - 14. Give f(o).
-8
Let p(k) = -k**3 - 11*k**2 - 4*k - 42. Let g be p(-11). Let b(q) = -3*q**3 + 2*q**2 - 6*q + 4. Give b(g).
-24
Let d = -179 - -182. Let x(c) = -7*c**2 + 17*c**3 - 5*c**3 + 3*c - 11*c**d + 2. Let u(f) = -2*f - 8. Let v be u(-7). Calculate x(v).
-16
Let m be (-19 + 17)/(0 + 2). Let g be m/2*(1 + -1). Let i(s) = -s**2 - s - 3. Let j(x) = 4*x**2 + 5*x + 11. Let k(n) = -9*i(n) - 2*j(n). Determine k(g).
5
Let v(w) be the first derivative of 2 - 2*w + 1/3*w**3 + 5/2*w**2. Let x = 58547 + -58550. What is v(x)?
-8
Let f = -9 - -4. Let r = 6 + f. Let y(k) = 4*k - 13. Let s(w) = 7*w - 27. Let n(b) = s(b) - 2*y(b). Calculate n(r).
-2
Let a(z) = -z**3 - 12*z**2 + 13*z - 13. Let w(u) = 54*u - 175. Let c be w(3). Calculate a(c).
-13
Let q(r) = -4*r + 32. Let t(c) = -c**2 + 4*c + 39. Let o be t(-4). What is q(o)?
4
Let p(b) be the first derivative of b**3 - 4*b**2 + 5*b - 6839. Calculate p(3).
8
Let w(j) be the second derivative of -1/3*j**3 - 1/20*j**5 + 0*j**2 + 0 - 161*j - 1/3*j**4. What is w(-4)?
8
Let r(u) be the second derivative of 2*u**3/3 + 57*u**2/2 + 20*u + 23. Determine r(-15).
-3
Let r = 274048 - 274047. Let o(h) = 3 + 17*h**2 - 2 + 0 - 2*h. Give o(r).
16
Let x(g) = -5 - 1 - g + 1 + 3*g. Suppose 12*c - 7*c - 30 = 0. Let n(h) = -3*h + 23. Let u be n(c). What is x(u)?
5
Let t(a) = a - 7. Let v be t(6). Let f be v/(((-48)/(-42))/8). Let o(i) = -9*i + 6*i**2 - 11 + 3*i**3 + 4 - 2*i**3. Give o(f).
7
Let b(f) = -f**3 + 9*f**2 + f - 8. Suppose -3*p + 16*d + 36 = 19*d, 4*d - 39 = -3*p. What is b(p)?
1
Let l = 210 - 310. Let a be (560/l)/((-2)/(-5)). Let r(c) = c**2 + 13*c - 14. Determine r(a).
0
Let g(l) = l**2 + 25*l + 70. Let k be 3/(17/(-112 + -7)). Determine g(k).
-14
Let g(u) = u**3 - 20*u**2 + 16*u + 28. Let l(m) = -2*m**3 - 6*m**2 + 61*m + 54. Let t be l(-7). Give g(t).
-29
Let c(p) = p**3 - 3*p**2 + p. Let n be 4 - -3*4/12. Suppose 2*y + 3*q - 15 = 0, -3*y = y + n*q - 29. Let w be (-4)/y*(5 - 8). Determine c(w).
-2
Let l(u) = 5*u**2 + 12*u - 2. Let x(b) = -4*b + 34*b**2 - 4*b - 69*b**2 + 32*b**2 + 1. Let t(a) = 5*l(a) + 8*x(a). Calculate t(4).
-2
Suppose -2*n - 11 = -3*b, b - 39 + 72 = -3*n. Let i(y) = y**3 + 10*y**2 + 2*y + 12. Give i(n).
-8
Let s = 18 - 3. Suppose 15 = p + s. Let n(u) = u - 4. Give n(p).
-4
Let t(c) = 18 + 49*c**3 + 51*c**3 + 4*c**2 + 6*c - 15 - 101*c**3. Let v be 1 - (-5 + 3) - -2. Give t(v).
8
Let f be 18/(-27) + 26/3. Let k(i) = -i**2 + 15*i - 23. What is k(f)?
33
Let v(w) be the second derivative of w**5/20 + w**4/2 + w**3 - 11006*w. Let p = 0 + -4. Determine v(p).
8
Let x = -483 + 486. Let t(n) = x*n + 0 + 6 + 13*n - 17*n. What is t(-14)?
20
Let x(z) = 15*z. Suppose 0 = -24*v + 2971 + 2981. Let i = v + -247. What is x(i)?
15
Let q be (-4 - -14)/((-2)/2). Let m be (((-25)/10)/(-1))/(q/(-8)). Suppose 2*a + 4 = m*i, -2*a = i - 6 + 1. Let c(g) = -5*g + 1. Determine c(a).
-4
Suppose -8*h + 119 = 9*h. Suppose 4*g - h*g - 21 = 0. Let r(t) = -t**3 - 6*t**2 + 5*t + 10. Give r(g).
24
Let j(q) = -2*q**2 + 20*q + 19. Let m(o) = -3*o**2 + 40*o + 32. Let u(t) = -5*j(t) + 3*m(t). What is u(-19)?
-18
Let w(c) = 35794 - 35761 + 20*c**2 - 10*c - 19*c**2. Calculate w(12).
57
Let s be -6*(-6)/(-9) + 138. Let t = s + -136. Let k be ((-136)/32 - t/8) + 1. Let b(g) = g**2 + 2*g + 4. Calculate b(k).
7
Let l(d) = 2*d + 6. Let w(h) = -h**3 + h**2 - 2*h + 7. Let a = 399 + -399. Let g be w(a). Determine l(g).
20
Let v(j) = 27*j**2 - 6*j - 5. Let p be v(-1). Suppose 0 = -p*s + 23*s - 15. Let b(o) = -o**2 - 2*o. What is b(s)?
-3
Let n(x) = -x**2 - 12*x - 25. Let u be n(-3). Let a(j) = 3 + 240*j + 236*j - 479*j + j**3 - 3*j**u. Determine a(2).
-7
Let j(g) = -g**2 + 7*g - 13. Suppose -4*n - 24*n = -280. Calculate j(n).
-43
Let a = -249 + 255. Let d(y) = -3*y + 13. Give d(a).
-5
Let v = -152 + 160. Let g(f) = 2*f**3 - 16*f**2 - 2*f + 27. Determine g(v).
11
Let p(f) = -3*f**2 - 7*f + 7. Let h = -488 + 484. What is p(h)?
-13
Let c(t) = -t**3 - 5*t**2 + 4*t - 1. Let j(v) = -1 - 8 + 4*v**2 - 12*v + 3 - 3*v**2. Let h = -244 + 256. Let a be j(h). Give c(a).
11
Let t be 4 + -2 + (-252)/(-12). Suppose -t*n - 164 - 89 = 0. Let d(a) = -a**2 - 11*a + 5. What is d(n)?
5
Suppose 2*f = 5*k - 52, 5*k + 949*f - 946*f - 47 = 0. Let s(a) be the third derivative of -a**5/60 + a**4/3 - 3*a**3/2 - 2*a**2. Calculate s(k).
-29
Let b(c) be the third derivative of c**5/20 - c**4/3 - 11*c**3/6 - 459*c**2. Determine b(-3).
40
Let p(a) be